8868?
2, 19717
What are the prime factors of 5770783?
61, 94603
What are the prime factors of 801431?
17, 47143
What are the prime factors of 10529768?
2, 23, 89, 643
List the prime factors of 2170604.
2, 79, 6869
List the prime factors of 14962744.
2, 1870343
What are the prime factors of 624713?
127, 4919
What are the prime factors of 1840556?
2, 17, 27067
List the prime factors of 113472.
2, 3, 197
What are the prime factors of 6775467?
3, 43, 53, 991
List the prime factors of 5390.
2, 5, 7, 11
What are the prime factors of 109188?
2, 3, 337
What are the prime factors of 2298767?
71, 32377
List the prime factors of 976727.
976727
What are the prime factors of 192142?
2, 23, 4177
List the prime factors of 1584849.
3, 7, 163, 463
List the prime factors of 300643.
7, 29, 1481
List the prime factors of 169927.
251, 677
What are the prime factors of 5588607?
3, 1862869
What are the prime factors of 140093?
23, 6091
What are the prime factors of 1460459?
7, 11, 13, 1459
What are the prime factors of 1080469?
13, 17, 4889
List the prime factors of 5381682.
2, 3, 896947
List the prime factors of 6848939.
6848939
List the prime factors of 2564606.
2, 11, 43, 2711
List the prime factors of 237722.
2, 118861
What are the prime factors of 425157?
3, 141719
List the prime factors of 225891.
3, 19, 1321
What are the prime factors of 6049327?
6049327
What are the prime factors of 2653122?
2, 3, 17, 19, 37
List the prime factors of 2996748.
2, 3, 83243
List the prime factors of 1527686.
2, 763843
List the prime factors of 28346130.
2, 3, 5, 314957
What are the prime factors of 1030592?
2, 16103
What are the prime factors of 1437525?
3, 5, 6389
What are the prime factors of 2629258?
2, 19, 69191
List the prime factors of 3194902.
2, 1597451
List the prime factors of 5771486.
2, 7, 412249
What are the prime factors of 545091?
3, 19, 73, 131
List the prime factors of 39669.
3, 7, 1889
What are the prime factors of 1402472?
2, 175309
List the prime factors of 563139.
3, 20857
What are the prime factors of 1332409?
13, 17, 6029
List the prime factors of 841700.
2, 5, 19, 443
List the prime factors of 51091.
19, 2689
What are the prime factors of 2518877?
2518877
List the prime factors of 1325494.
2, 47, 59, 239
What are the prime factors of 331239?
3, 41, 2693
List the prime factors of 9864463.
7, 1409209
What are the prime factors of 4195312?
2, 11, 197
What are the prime factors of 5183396?
2, 1295849
What are the prime factors of 3332075?
5, 133283
What are the prime factors of 115945?
5, 23189
List the prime factors of 15515853.
3, 5171951
What are the prime factors of 282842?
2, 7, 89, 227
What are the prime factors of 4681825?
5, 187273
List the prime factors of 5117522.
2, 503, 5087
List the prime factors of 2450301.
3, 7, 116681
List the prime factors of 390723.
3, 130241
What are the prime factors of 15454588?
2, 53, 269, 271
List the prime factors of 127374.
2, 3, 13, 23, 71
List the prime factors of 4333325.
5, 29, 43, 139
What are the prime factors of 31048656?
2, 3, 173, 3739
List the prime factors of 883579.
883579
What are the prime factors of 1901666?
2, 13, 73141
List the prime factors of 1044728.
2, 43, 3037
List the prime factors of 8229852.
2, 3, 29, 7883
List the prime factors of 15832881.
3, 586403
List the prime factors of 178028.
2, 44507
What are the prime factors of 24903473?
7, 3557639
List the prime factors of 6796696.
2, 849587
List the prime factors of 8612175.
3, 5, 11, 13, 73
What are the prime factors of 11285263?
11, 17, 29, 2081
What are the prime factors of 6662076?
2, 3, 43, 12911
List the prime factors of 10518144.
2, 3, 7, 13, 43
List the prime factors of 1609332.
2, 3, 41, 3271
What are the prime factors of 2851779?
3, 7, 135799
List the prime factors of 648905.
5, 233, 557
List the prime factors of 942540.
2, 3, 5, 23, 683
What are the prime factors of 302153?
53, 5701
List the prime factors of 8402549.
2381, 3529
List the prime factors of 314781.
3, 317, 331
List the prime factors of 10927281.
3, 3642427
What are the prime factors of 85573?
83, 1031
List the prime factors of 356788.
2, 191, 467
What are the prime factors of 103311?
3, 13, 883
What are the prime factors of 2405460?
2, 3, 5, 47, 853
What are the prime factors of 5086309?
5086309
List the prime factors of 1010789.
13, 5981
What are the prime factors of 646535?
5, 191, 677
What are the prime factors of 18435833?
13, 19, 101, 739
List the prime factors of 890587.
19, 2467
List the prime factors of 3701505.
3, 5, 23, 10729
What are the prime factors of 16918045?
5, 61, 55469
What are the prime factors of 998796?
2, 3, 83233
What are the prime factors of 667266?
2, 3, 111211
List the prime factors of 431514.
2, 3, 61, 131
List the prime factors of 3347794.
2, 1673897
List the prime factors of 7860248.
2, 11, 179, 499
What are the prime factors of 12010842?
2, 3, 151, 491
List the prime factors of 223294.
2, 97, 1151
List the prime factors of 2510874.
2, 3, 139493
What are the prime factors of 226763?
17, 13339
What are the prime factors of 3985126?
2, 1992563
List the prime factors of 18654577.
739, 25243
What are the prime factors of 162468?
2, 3, 4513
What are the prime factors of 651239?
651239
What are the prime factors of 671538?
2, 3, 7, 59, 271
What are the prime factors of 1603821?
3, 534607
What are the prime factors of 23518236?
2, 3, 7, 23, 37, 47
List the prime factors of 51036.
2, 3, 4253
What are the prime factors of 2295187?
17, 79, 1709
What are the prime factors of 2500?
2, 5
What are the prime factors of 5287976?
2, 23, 29, 991
List the prime factors of 552742.
2, 276371
What are the prime factors of 1636844?
2, 11, 37201
List the prime factors of 10899526.
2, 11, 495433
What are the prime factors of 19268497?
17, 61, 1093
What are the prime factors of 290455?
5, 11, 5281
List the prime factors of 2332217.
83, 28099
List the prime factors of 10319472.
2, 3, 71663
List the prime factors of 1538.
2, 769
List the prime factors of 522063.
3, 19, 43, 71
List the prime factors of 951350.
2, 5, 53, 359
List the prime factors of 34718.
2, 17359
What are the prime factors of 572135?
5, 17, 53, 127
List the prime factors of 1520993.
401, 3793
What are the prime factors of 2651675?
5, 13, 41, 199
What are the prime factors of 2313347?
2313347
What are the prime factors of 421732?
2, 59, 1787
What are the prime factors of 956911?
109, 8779
What are the prime factors of 574422?
2, 3, 95737
List the prime factors of 31566242.
2, 15783121
What are the prime factors of 3093698?
2, 521, 2969
List the prime factors of 5739820.
2, 5, 193, 1487
What are the prime factors of 8946834?
2, 3, 13, 19, 6037
What are the prime factors of 8170052?
2, 11, 185683
List the prime factors of 1538717.
103, 14939
What are the prime factors of 1325220?
2, 3, 5, 13, 1699
List the prime factors of 176910.
2, 3, 5, 5897
List the prime factors of 14268232.
2, 11, 29, 5591
What are the prime factors of 698261?
698261
List the prime factors of 5692727.
41, 43, 3229
List the prime factors of 388461.
3, 31, 4177
List the prime factors of 98748.
2, 3, 13, 211
What are the prime factors of 16116144?
2, 3, 11, 131, 233
What are the prime factors of 520550?
2, 5, 29, 359
List the prime factors of 20285881.
7, 11, 109, 2417
List the prime factors of 13355147.
13, 1027319
List the prime factors of 419521.
443, 947
What are the prime factors of 439451?
19, 101, 229
What are the prime factors of 775777?
775777
What are the prime factors of 5860838?
2, 2930419
List the prime factors of 1475789.
7, 210827
What are the prime factors of 417303?
3, 199, 233
What are the prime factors of 41934?
2, 3, 29, 241
What are the prime factors of 1318081?
233, 5657
List the prime factors of 3505301.
3505301
List the prime factors of 9575.
5, 383
List the prime factors of 17472253.
2423, 7211
What are the prime factors of 18746557?
29, 646433
What are the prime factors of 21436722?
2, 3, 1190929
What are the prime factors of 13173696?
2, 3, 22871
List the prime factors of 1931361.
3, 73, 8819
What are the prime factors of 384639?
3, 128213
What are the prime factors of 195798?
2, 3, 32633
List the prime factors of 303298.
2, 139, 1091
List the prime factors of 2113884.
2, 3, 23, 37
What are the prime fac